s the thousands digit of z?
3
Suppose -9*t + 11*t - 102 = 0. Let p = 72 + t. What is the hundreds digit of p?
1
Let u = 26 + 379. What is the tens digit of u?
0
What is the hundreds digit of (1 + 551)*(7 + 9 - 14)?
1
Let p be 28/(-7) + (8 - 0). Suppose -180 = -3*x + 3*h, -p*x = -0*x - 5*h - 236. What is the tens digit of x?
6
Suppose 14*k + 2166 = 17*k - 5*y, 3*k - 2196 = -5*y. What is the tens digit of k?
2
Let f(c) = c**3 - 5*c**2 + 4*c - 4. Let q be f(3). Let n be ((-52)/13)/((-1)/4). Let l = q + n. What is the units digit of l?
6
Let i be (-2 + 1)/1*1. Let u(a) = -57*a. What is the tens digit of u(i)?
5
Let a = 1383 - 398. What is the hundreds digit of a?
9
Let x = -1784 - -2765. What is the tens digit of x?
8
Let w(a) = 40*a**2 - 5*a + 40. What is the units digit of w(5)?
5
Suppose -3*y = 3*c - c - 561, 5 = -y. What is the units digit of c?
8
Let f be 383/6 + 1/6. Let m = f + -12. What is the tens digit of m?
5
Suppose 51*f = 11*f + 23160. What is the units digit of f?
9
Let i(u) = -u**3 - 8*u**2 + u + 5. Let w be i(-8). Let a(k) = -k**2 + 6*k + 6. Let b be a(6). What is the units digit of 34 + -1 + b/w?
1
Let c(i) = -10*i + 16. Let d be c(8). Let k = -36 - d. What is the units digit of k?
8
What is the units digit of 7/(252/21536) + (-4)/18?
8
Let y(u) = 14*u - 1. Let f(d) = -d**3 + 5*d**2 + 5*d + 11. Let x be f(6). Suppose -x*s + 5 = -0*s. What is the tens digit of y(s)?
1
Suppose 0 = 2*p + p - 15. Suppose 4*m - 2*l = -11 + 43, 0 = -p*m + l + 34. What is the units digit of m?
6
Let q(m) = m**2 - 11*m. Let l be q(12). Suppose 0 = -l*f + 11*f + 70. What is the tens digit of f?
7
Let f be (-59)/(-3*(-3)/(-9)). Let i = f + -36. Let x = i + -17. What is the units digit of x?
6
What is the tens digit of (9/6)/(21/31500)?
5
Suppose 2*t + 3*x = 1503 - 405, 0 = 3*x + 6. What is the units digit of t?
2
What is the units digit of -118*(8 + -15 - -5)?
6
Suppose 6*t - 8*t + 6 = 0. Let p(f) = f**3 - 6*f**2 + 3*f - 8. Let r be p(6). Suppose 3*b - t*v = -2*v + 70, b + 3*v = r. What is the units digit of b?
2
Let t(q) = 53*q**3 - 2*q**2 - 8. What is the units digit of t(3)?
5
Let d = 1 + 3. Let x(m) = -70*m**3 + 2*m**2 + 3*m + 1. Let w be x(-1). Suppose 2*f - 57 + 13 = 4*r, 0 = -d*f - r + w. What is the tens digit of f?
1
Suppose 34*s - 4054 = 83666. What is the thousands digit of s?
2
Suppose 24*p - 4*p = 3640. What is the hundreds digit of p?
1
Let q(k) = 3*k**2 + 18*k + 75. What is the tens digit of q(-15)?
8
Let r(b) = b + 14. Let k be r(-6). Let i(g) = -g**3 + 7*g**2 + 10*g + 6. What is the units digit of i(k)?
2
Let k be 4/3 - 1/3. Suppose 0 = 5*v + 10, 10*j - 5*j + 3*v + k = 0. What is the units digit of ((-9)/(-3))/(j/9)?
7
Suppose 3*b + 2 = 14. Let s = 107 - -41. Suppose 3*p = b*p - r - 47, 4*r - s = -3*p. What is the tens digit of p?
4
Suppose y = -4*y - 60. Let m = y - -15. Suppose 76 = 3*f - 2*i, -8*i + m*i + 109 = 4*f. What is the tens digit of f?
2
Let m(g) be the third derivative of g**4/24 - 2*g**3/3 + 6*g**2. Let y be m(5). Suppose y = r - 13. What is the units digit of r?
4
Suppose 9*h + 40 = -32. Let z(r) = -r**3 - 7*r**2 + 3*r + 16. What is the tens digit of z(h)?
5
Let w be 2 - (-1 + 2 - -6). Let l = -5 - w. Suppose l = -3*p + 5*p - 38. What is the tens digit of p?
1
Suppose i - 59 = -5*k, -2*i - 4*k = 3*i - 190. Suppose -340 = i*j - 38*j. What is the tens digit of j?
8
Suppose -53*f = -50*f + 129. Let q = 12 - f. What is the units digit of q?
5
Let h(j) = -j**2 - 9*j - 1. Let t(b) = -b - 3. Let q be t(6). Let u be h(q). Let r(n) = 4*n**2. What is the units digit of r(u)?
4
Let v = 1090 - 446. What is the tens digit of v?
4
Let k = -11 - 10. Let g be 725/35 - 6/k. Let r = 34 - g. What is the units digit of r?
3
Let c = 1986 - 1302. What is the hundreds digit of c?
6
Let i be 150*2/5*1. Let q = 23 + -24. What is the tens digit of i*q/9*-6?
4
Let t = -2 - -18. Suppose 12 - t = -h. Suppose h*u - 124 = -4*c + u, 4*c - 132 = -u. What is the units digit of c?
4
Suppose 4*o = 2*o + 30. Suppose -5*f + 170 = -o. What is the tens digit of f?
3
Let c(w) = w**3 + 19*w**2 - 2*w - 9. Let v be c(-19). Let t = v - 35. Let u(l) = l**3 + 9*l**2 + 9*l - 2. What is the units digit of u(t)?
2
Suppose 0 = 2*z + 6, 0 = 4*x - 0*x - 3*z + 39. Let a = x - -8. Let y = a - -19. What is the tens digit of y?
1
Suppose -3*o + 4*a = 16, -2*a + a = -4. Suppose o = 4*k - 3*k - m - 5, 0 = -4*k - 5*m + 20. Suppose 33 = k*s - 12. What is the units digit of s?
9
Let k(v) = -131*v - 5. Let l be k(1). Let o = l + 192. What is the tens digit of o?
5
What is the units digit of ((-138)/(-12) - 11)*908?
4
Suppose -3782 = -2*x - 880. What is the thousands digit of x?
1
Let a be ((-660)/(-18) + -2)*(-15)/(-2). Suppose 5*z - a = -2*j + 296, -z + j = -107. What is the hundreds digit of z?
1
Let g = -5 - -5. Let y = 3 + g. Suppose 4*o + 5*v - 88 = 0, -110 = -3*o - 2*o + y*v. What is the units digit of o?
2
Let m(a) = a**2 + a + 1. Let j be m(0). Let k be (40/25)/(j/(-5)). Let g = 1 - k. What is the units digit of g?
9
Let y = -11 - -19. Let w = y - 6. Suppose 0 = -w*r - 4*m + 92, -r + 41 = 2*m - m. What is the tens digit of r?
3
Let k = 25 - 1. Let w(p) = 3*p**2 + 12*p - 2. Let a be w(-4). What is the units digit of a*(-3)/k*4?
1
Let j(k) = k**3 - 2 + 0*k**2 + 9*k + 10 + 9*k**2. Let x be j(-8). Suppose 5*f - 116 - 14 = x. What is the tens digit of f?
2
Suppose -9*y + 12*y = 5085. What is the tens digit of y?
9
Suppose 4*t - 22*t + 18 = 0. What is the hundreds digit of 3 + 177 + 0 + t?
1
Let z(s) = 2*s**2 + 8*s + 1. Suppose d + 14 = 3*d. Let j be (-3)/7 - 39/d. What is the units digit of z(j)?
5
Suppose -5*q + 2*f + 16506 = 0, -6*q = -7*q + 4*f + 3312. What is the hundreds digit of q?
3
Suppose -5*p = -10*p + 70. Suppose -480 = 9*i - p*i. What is the tens digit of i?
9
Suppose l - 4*l = -150. Let y = l - 13. Let t = y + -7. What is the units digit of t?
0
Let g(b) = b**3 - 32*b**2 - 68*b + 1. Let x be g(34). Let j(l) = 106*l - 4. Let w(a) = 35*a - 1. Let y(c) = -3*j(c) + 10*w(c). What is the units digit of y(x)?
4
Let b(m) = -116*m + 30. Let t be b(-5). Suppose 193 = -3*s + t. What is the tens digit of s?
3
Let i = -852 - -1591. What is the tens digit of i?
3
Let y be (10*-1)/(4/(-6)). Let l(q) = 22*q + 207. Let a be l(-9). What is the tens digit of y/4*60/a?
2
Suppose 0*h = -h - 35. What is the hundreds digit of (-3)/((-91)/(-530) - (-7)/h)?
1
Let f(w) = -90*w + 542. What is the hundreds digit of f(-45)?
5
Let a(w) = -3*w - 44. Let s be a(-21). Suppose -5*p - 399 = -4*c, c - 3*p = 144 - 39. Suppose c = -s*t + 23*t. What is the units digit of t?
4
Suppose 8*a = 624 + 264. Let c = -33 + a. What is the units digit of c?
8
Let a = -88 + 903. What is the units digit of a?
5
Let b be (-4)/6*(-366)/4. Let t = -17 + 22. Suppose -b + 21 = -t*c. What is the units digit of c?
8
Let v(c) be the first derivative of -21*c**2/2 + 7*c + 20. What is the units digit of v(-2)?
9
Let x be (2 + -2 - -1)*(-32)/(-8). Suppose -x*y + 60 = o, 3*y + 5*o + 15 = 60. What is the units digit of y?
5
Let x(v) = 4*v + 8. What is the tens digit of x(1)?
1
What is the thousands digit of 9/15 - 1 - (-184266)/90?
2
Let h(g) = -g**3 + 24*g**2 + 25*g + 24. What is the tens digit of h(25)?
2
Let w = 2358 + -1644. What is the units digit of w?
4
Let x be 6/((-3)/(-6) + 1). Let t(i) = 2*i**3 - 4*i**2 - 6*i + 5. Let h be t(x). What is the units digit of 198/h*(-1 - -6)?
2
Let l = -22 - -13. Let m be (l/(-6))/(15/200). Suppose 3*t = -4*j + m, 2*t - 3*t = -4*j - 12. What is the units digit of t?
8
Let u = 191 - -1432. What is the thousands digit of u?
1
What is the tens digit of 27/81 - ((-5674)/(-6))/(-1)?
4
Let g(r) = 1060*r**2 + r + 4. What is the hundreds digit of g(-1)?
0
Suppose -4*g - 3*b - 28 = 0, 8 = -5*g + 2*b - 4. What is the units digit of 66/88 - 873/g?
9
Let j(y) be the third derivative of y**6/120 + y**5/12 - y**4/3 - y**3/2 + 4*y**2 + 5*y. Let r = -22 + 16. What is the units digit of j(r)?
9
Let q = -246 - -163. Let m be 8/(-24) - q/(-3). What is the tens digit of 18*(3 - m/(-12))?
1
Let f be (0*3/(-9))/(5 - 4). Suppose -165 = -4*l - c + 201, f = l - 5*c - 81. What is the tens digit of l?
9
Let p(c) = 15*c**3 - 2*c**2 + 2*c - 1. Let a be p(2). Suppose 3*x - 328 + a = 0. Suppose -3*n = 5*i - 56, 2*n + 5*i